s the thousands digit of 44538?
4
What is the units digit of 64111?
1
What is the thousands digit of 13741?
3
What is the units digit of 466?
6
What is the tens digit of 4389?
8
What is the tens digit of 632?
3
What is the thousands digit of 1212?
1
What is the units digit of 13567?
7
What is the hundreds digit of 234?
2
What is the tens digit of 6213?
1
What is the tens digit of 238?
3
What is the ten thousands digit of 143538?
4
What is the tens digit of 3806?
0
What is the units digit of 2729?
9
What is the units digit of 289?
9
What is the units digit of 1740?
0
What is the units digit of 38349?
9
What is the tens digit of 578?
7
What is the units digit of 156?
6
What is the hundreds digit of 69878?
8
What is the units digit of 1168?
8
What is the units digit of 17527?
7
What is the thousands digit of 14424?
4
What is the thousands digit of 5113?
5
What is the tens digit of 1189?
8
What is the hundreds digit of 617?
6
What is the tens digit of 19851?
5
What is the thousands digit of 15971?
5
What is the tens digit of 472?
7
What is the thousands digit of 6503?
6
What is the ten thousands digit of 12457?
1
What is the units digit of 4559?
9
What is the units digit of 3?
3
What is the hundreds digit of 23248?
2
What is the thousands digit of 9086?
9
What is the tens digit of 2486?
8
What is the units digit of 1384?
4
What is the tens digit of 47613?
1
What is the thousands digit of 15208?
5
What is the ten thousands digit of 24591?
2
What is the units digit of 4728?
8
What is the units digit of 7748?
8
What is the thousands digit of 11574?
1
What is the hundreds digit of 2457?
4
What is the tens digit of 5818?
1
What is the thousands digit of 66882?
6
What is the tens digit of 2212?
1
What is the units digit of 10185?
5
What is the units digit of 1121?
1
What is the units digit of 821?
1
What is the hundreds digit of 38791?
7
What is the tens digit of 22804?
0
What is the units digit of 27443?
3
What is the thousands digit of 20523?
0
What is the units digit of 714?
4
What is the tens digit of 163?
6
What is the units digit of 970?
0
What is the tens digit of 3158?
5
What is the units digit of 2782?
2
What is the units digit of 8967?
7
What is the tens digit of 1371?
7
What is the hundreds digit of 454?
4
What is the tens digit of 26?
2
What is the hundreds digit of 611?
6
What is the ten thousands digit of 30919?
3
What is the hundreds digit of 31212?
2
What is the ten thousands digit of 35255?
3
What is the tens digit of 3855?
5
What is the tens digit of 5111?
1
What is the tens digit of 635?
3
What is the units digit of 68154?
4
What is the units digit of 5645?
5
What is the hundreds digit of 14497?
4
What is the thousands digit of 5477?
5
What is the hundreds digit of 11100?
1
What is the units digit of 443?
3
What is the ten thousands digit of 11737?
1
What is the units digit of 10411?
1
What is the tens digit of 3279?
7
What is the units digit of 77?
7
What is the tens digit of 1235?
3
What is the tens digit of 2087?
8
What is the units digit of 21756?
6
What is the thousands digit of 9730?
9
What is the hundreds digit of 954?
9
What is the units digit of 8098?
8
What is the units digit of 228?
8
What is the units digit of 461?
1
What is the units digit of 13955?
5
What is the hundreds digit of 5426?
4
What is the ten thousands digit of 21007?
2
What is the hundreds digit of 19572?
5
What is the units digit of 60410?
0
What is the tens digit of 44836?
3
What is the hundreds digit of 15211?
2
What is the hundreds digit of 2816?
8
What is the thousands digit of 2449?
2
What is the hundreds digit of 8101?
1
What is the hundreds digit of 8219?
2
What is the units digit of 132?
2
What is the tens digit of 474?
7
What is the tens digit of 12129?
2
What is the units digit of 15895?
5
What is the hundreds digit of 1207?
2
What is the tens digit of 347?
4
What is the ten thousands digit of 50959?
5
What is the thousands digit of 88317?
8
What is the hundreds digit of 2157?
1
What is the tens digit of 1607?
0
What is the ten thousands digit of 13289?
1
What is the thousands digit of 22183?
2
What is the units digit of 544?
4
What is the tens digit of 1755?
5
What is the units digit of 11668?
8
What is the hundred thousands digit of 109568?
1
What is the hundreds digit of 4383?
3
What is the tens digit of 5398?
9
What is the hundreds digit of 3898?
8
What is the units digit of 5324?
4
What is the units digit of 1633?
3
What is the thousands digit of 3109?
3
What is the thousands digit of 96324?
6
What is the tens digit of 283?
8
What is the hundreds digit of 8484?
4
What is the units digit of 765?
5
What is the hundreds digit of 64039?
0
What is the tens digit of 1135?
3
What is the thousands digit of 3118?
3
What is the units digit of 346?
6
What is the ten thousands digit of 13996?
1
What is the thousands digit of 3303?
3
What is the units digit of 11566?
6
What is the hundreds digit of 269?
2
What is the tens digit of 830?
3
What is the units digit of 107532?
2
What is the units digit of 27336?
6
What is the thousands digit of 13203?
3
What is the units digit of 1373?
3
What is the tens digit of 151602?
0
What is the tens digit of 39960?
6
What is the tens digit of 642?
4
What is the tens digit of 3543?
4
What is the thousands digit of 12080?
2
What is the tens digit of 853?
5
What is the hundreds digit of 449?
4
What is the hundreds digit of 3392?
3
What is the tens digit of 4724?
2
What is the tens digit of 25640?
4
What is the ten thousands digit of 38964?
3
What is the hundreds digit of 1006?
0
What is the hundreds digit of 9047?
0
What is the units digit of 15614?
4
What is the units digit of 2432?
2
What is the hundreds digit of 2834?
8
What is the thousands digit of 5126?
5
What is the thousands digit of 45249?
5
What is the thousands digit of 3692?
3
What is the tens digit of 33126?
2
What is the hundreds digit of 45804?
8
What is the units digit of 461?
1
What is the units digit of 1742?
2
What is the tens digit of 23405?
0
What is the hundreds digit of 70869?
8
What is the thousands digit of 93402?
3
What is the hundreds digit of 10984?
9
What is the tens digit of 45457?
5
What is the ten thousands digit of 37160?
3
What is the tens digit of 80?
8
What is the units digit of 1261?
1
What is the tens digit of 19509?
0
What is the tens digit of 5087?
8
What is the hundreds digit of 321?
3
What is the tens digit of 7588?
8
What is the thousands digit of 78851?
8
What is the hundreds digit of 3260?
2
What is the hundreds digit of 1921?
9
What is the hundreds digit of 74728?
7
What is the thousands digit of 18980?
8
What is the units digit of 331?
1
What is the hundreds digit of 5384?
3
What is the hundreds digit of 74714?
7
What is the units digit of 5596?
6
What is the tens digit of 151713?
1
What is the tens digit of 2000?
0
What is the tens digit of 27828?
2
What is the units digit of 243?
3
What is the thousands digit of 1197?
1
What is the hundreds digit of 403?
4
What is the ten thousands digit of 36895?
3
What is the hundreds digit of 3126?
1
What is the units digit of 10888?
8
What is the ten thousands digit of 36103?
3
What is the tens digit of 91207?
0
What is the units digit of 804?
4
What is the thousands digit of 8413?
8
What is the thousands digit of 2663?
2
What is the tens digit of 17847?
4
What is the thousands digit of 2579?
2
What is the hundreds digit of 152167?
1
What is the thousands digit of 13159?
3
What is the units digit of 406?
6
What is the tens digit of 10863?
6
What is the hundreds digit of 51762?
7
What is the ten thousands digit of 41820?
4
What is the hundreds digit of 21865?
8
What is the units digit of 498?
8
What is the units digit of 2875?
5
What is the tens digit of 1291?
9
What is the thousands digit of 8647?
8
What is the units digit of 2986?
6
What is the thousands digit of 4917?
4
What is the tens digit of 10374?
7
What is the hundreds digit of 2210?
2
What is the thousands digit of 11530?
1
What is the hundreds digit of 936?
9
What is the hundreds digit of 4451?
4
What is the tens digit of 60685?
8
What is the hundreds digit of 4934?
9
What is the thousands digit of 12122?
2
What is the units digit of 63?
3
What is the units digit of 785?
5
What is the thousands digit of 48879?
8
What is the